ighest common factor of v and d.
6
Let d = 5 - 16. Let m(i) = i**2 + 11*i + 3. Let h be m(d). Suppose 0*c = h*c - 351. Calculate the highest common divisor of c and 13.
13
Let m = 387 + -303. Calculate the highest common factor of m and 252.
84
Suppose 2*k - 3*k + 48 = 3*g, -2*k - 9 = -g. Let a = g + -8. Let u = a - -1. What is the highest common divisor of u and 20?
4
Let a(m) = 2*m**2 + 20*m + 18. Let n be a(-10). What is the highest common factor of n and 6?
6
Let x = 38 + -41. Let j be ((-42)/(-9))/(2/(-18)*x). Calculate the greatest common divisor of j and 14.
14
Let p be 2/(-3) + (-33)/(-9) - -290. Suppose l + s - 5*s = p, -5*l + 5*s + 1390 = 0. Calculate the greatest common divisor of 39 and l.
39
Let q = -35 + 51. Let u = 745 - 697. Calculate the greatest common divisor of u and q.
16
Suppose -310 - 4315 = -25*n. Calculate the highest common factor of n and 5.
5
Suppose -614*v = -623*v - 63. Let m(j) = j - 6*j**2 + 4*j + 2*j**3 + 2 - 3*j**3. Let u be m(v). What is the highest common divisor of 144 and u?
16
Let p(t) = -t**3 - 8*t**2 + 7. Let q be p(-8). Let u = q + 0. Suppose 4*x - 3*s + s + 2 = 0, -x + u = s. Calculate the greatest common divisor of 6 and x.
2
Let f be 30 - (-3 - -1 - (13 - 11)). What is the greatest common divisor of 272 and f?
34
Suppose 12*n - 429 = 63. What is the highest common factor of n and 123?
41
Suppose -113 = 5*v - 313. Calculate the greatest common divisor of 135 and v.
5
Suppose 2*h + h - 192 = 0. Let p(a) = 5*a**2 - 36*a + 10. Let z be p(7). Suppose -t = z*t - h. What is the greatest common factor of t and 4?
4
Let r = 794 + -326. Let q = -300 + r. Suppose 3*y - 18 = -2*n + 30, 0 = -y. Calculate the greatest common divisor of n and q.
24
Suppose 4*w + 4*y - 22 = 2, -3*y + 6 = 0. Suppose w*a = 2*a + 40. Suppose -4*i + 24 + a = 0. Calculate the highest common factor of i and 88.
11
Let w = 0 - 0. Suppose w = -n + 2 - 5. Let p be 61/2 + n/6. Calculate the highest common factor of 45 and p.
15
Let n(a) = 9*a - 26. Let u be n(4). What is the highest common factor of u and 20?
10
Suppose -2 = c, 5*x - 96 = -2*c + 5*c. Let m(u) = 5*u - 7. Let g be m(5). Calculate the highest common divisor of x and g.
18
Suppose 2*l = -c - 1, 2*c + l = 3*l - 8. Let x = c - -21. What is the highest common factor of 27 and x?
9
Let s = 38 - 13. Suppose 100 = -4*x - 4*c, 95 = -5*x + 4*c - 57. Let a = 47 - x. Calculate the greatest common divisor of s and a.
25
Let u be 214/8 - (-1 - (-12)/16). Let y(g) = 2 + 2*g**2 + 0*g + 5*g + 0 - g. Let x be y(-4). What is the greatest common factor of u and x?
9
Let y be 2/(-16) - 5388/(-96). Suppose y = 3*v - 34. What is the highest common factor of 6 and v?
6
Let l = 12 + 28. Suppose -l*v + 42*v = 72. Calculate the greatest common factor of v and 12.
12
Suppose -14*j + 4*g = -18*j + 4324, 0 = -2*j + 3*g + 2162. Calculate the greatest common divisor of j and 23.
23
Let i = -55 - -59. Let k(l) = l**2 + 5*l + 3. Let g be k(-5). Suppose g*q - 4*v - 28 = 0, 2*v + v - 29 = -4*q. What is the highest common factor of i and q?
4
Suppose -3*j + 4 - 3 = 4*z, 2*z + 3*j = -7. Suppose -100 = -46*s + 41*s. Suppose -z*u - s = -6*u. Calculate the highest common factor of 15 and u.
5
Suppose -y - i + 6 + 0 = 0, 0 = 5*y - 5*i - 50. Let z be (36/(-30))/((-2)/5) - 2. Calculate the highest common factor of y and z.
1
Suppose -31 = -3*z - 2*x - 8, 5*x = -3*z + 17. Suppose -3*k + z + 9 = 0. What is the highest common factor of 6 and k?
6
Let i(z) = -3*z + 20. Let y be i(7). Let a be 7 - 1 - 1 - (-4 - y). What is the highest common divisor of a and 12?
4
Let s be (0 + 1)*-1*2. Let j be s - 296/(-6) - 16/(-24). Calculate the greatest common divisor of j and 36.
12
Let v be 1/(-2) + 117/26. Suppose 0 = v*o + o. Suppose o*b = b - 77. Calculate the greatest common divisor of 7 and b.
7
Let w be (-3 - 3/9)*-9. Let o(r) = -r**3 + 6*r**2 + 22*r - 42. Let z be o(8). What is the greatest common factor of w and z?
6
Let j(b) = b**2. Let i be j(0). Let n = -6 + 8. Let a = n + i. What is the greatest common factor of a and 8?
2
Suppose -277*j + 273*j + 32 = 0. Calculate the highest common divisor of j and 2848.
8
Suppose -2*v + 3 + 1 = 5*z, 2*z + 8 = -4*v. Suppose -25 = -z*g - 17. Suppose j + 0 = -5*a + 2, 8 = g*j + 4*a. What is the highest common factor of j and 6?
2
Let t be (164/(-3))/(4/12). Let w = t - -564. Suppose -w = 2*z - 7*z. Calculate the greatest common divisor of z and 10.
10
Suppose 0 = -2*g + 3*g - 143. Let n = g + 121. Calculate the highest common divisor of n and 24.
24
Suppose 63 - 27 = -3*q. Let t = 40 + q. What is the greatest common divisor of t and 70?
14
Let s be 8/12*-3*6/4. Let k be 10/(s - 95/(-30)). What is the greatest common factor of k and 24?
12
Suppose 0 = -c - k + 18, c - 4*k - 3 = -5. Calculate the greatest common divisor of 14 and c.
14
Let p(o) = o**2 + 2*o - 17. Let f be p(-7). What is the highest common factor of 246 and f?
6
Let w(b) = 2*b - 4*b + 12 + b. Let r be w(9). Suppose 9*g - r*g = 6. What is the highest common factor of 5 and g?
1
Suppose 3*x = 2*s - 4*s - 8, -3*s - 29 = -4*x. Let n be 8/s*(-2 - 5). Calculate the greatest common divisor of 12 and n.
4
Let k be ((-72)/15)/((-2)/(-10)). Let u be (-65)/39*k/1. Suppose 4*x + 2*h = 66, 5*x - 20 - u = 5*h. What is the highest common factor of 165 and x?
15
Let c be 24/(-9)*(-15)/20. Let h = -815 + 817. Calculate the greatest common divisor of c and h.
2
Suppose 45*q + 26 = 47*q. What is the greatest common factor of q and 351?
13
Suppose 2*l - 3*k = 511, -10*l + k + 777 = -7*l. What is the greatest common divisor of l and 20?
20
Let s(p) = -6*p**3 - 14*p - 21. Let q be s(-2). What is the greatest common divisor of q and 330?
55
Suppose -116*g + 46094 = -39746. Calculate the highest common factor of g and 15.
5
Let y be 1/(-2)*-2 + 55. Suppose 2*m = 0, 0 = 140*c - 145*c + m + 35. Calculate the highest common factor of y and c.
7
Let d = 618 - 266. Calculate the highest common divisor of 11 and d.
11
Let q be 2/(-10) - 104/(-20). Suppose n = 4*c - 20, 0 = -q*n - 2*c - 10 - 2. Let i be n + 11 + 4 + -4. Calculate the highest common factor of 63 and i.
7
Let y(n) = -n**3 + 2*n**2 + 7*n + 20. Let q be y(0). What is the greatest common divisor of 160 and q?
20
Let b be (0 + 2)/4*10. Suppose b*g = 12 + 13. Let m(v) = -v**2 + 11*v + 2. Let s be m(g). What is the highest common factor of s and 96?
32
Let m(c) = -c**2 + 8*c - 13. Let q be m(3). What is the highest common factor of 34 and q?
2
Let n = 35 - 0. Let l = 334 - 327. What is the greatest common factor of n and l?
7
Suppose 590 = 2*p + 2*b - 1758, 0 = -5*p - 4*b + 5873. What is the greatest common factor of 11 and p?
11
Suppose -c = -o - 4*o, 5*o = 0. Suppose c*n - n = 0. Let q = n - -33. What is the greatest common divisor of 11 and q?
11
Let t be 1539/((-9)/3) + 2. Let k = 49 - t. Suppose 4*r = 8*r - k. What is the greatest common divisor of 14 and r?
14
Let u = 3 - 0. Suppose b + 1 - u = 0. Suppose -143*o + 1172 + 830 = 0. Calculate the highest common factor of b and o.
2
Let i be -8*3*(-11)/4. Calculate the greatest common factor of 330 and i.
66
Let m be (-2)/(-2) + 15 + (-16)/4. Let u(f) = 18*f - 6. Suppose 3*w - 25 = -2*w. Let v be u(w). What is the greatest common divisor of v and m?
12
Let m be 2*((-6)/(-15))/((-10)/(-75)). Calculate the highest common divisor of m and 162.
6
Let x be ((-1)/(-3))/(3/(-99)). Let h = x + 13. Let t be 132/(-9)*(-1 - h). What is the greatest common divisor of t and 11?
11
Let z = -179 - -185. What is the greatest common divisor of 10 and z?
2
Let q(z) be the first derivative of 73*z**3/3 - z - 2. Let y be ((-2)/6)/(1/3). Let m be q(y). Calculate the greatest common factor of m and 24.
24
Let v = -47270 - -47333. Suppose 4*b = 2*b + 260. Let n be (-2)/7 - b/(-14). What is the highest common factor of n and v?
9
Let f = 1347 + -1172. What is the highest common factor of 50 and f?
25
Let c = -7 + 12. Suppose -5*i = -2*q - 20, i - c + 1 = -q. Suppose -2*k = -0 + i, -k - 132 = -5*g. Calculate the greatest common divisor of 78 and g.
26
Let c be (-12)/(-8)*(6/9 + 2). Suppose -r + 0*a - 3*a = -25, -r + c = -4*a. Suppose -2*q + 43 - 11 = 0. Calculate the greatest common divisor of r and q.
16
Let d = 195 + -159. Calculate the highest common divisor of